n 181 is divided by 25.
6
Calculate the remainder when 344 is divided by 261.
83
What is the remainder when 5076 is divided by 48?
36
What is the remainder when 896 is divided by 45?
41
What is the remainder when 70 is divided by 17?
2
Calculate the remainder when 68559 is divided by 40.
39
Calculate the remainder when 376 is divided by 45.
16
Calculate the remainder when 390 is divided by 8.
6
Calculate the remainder when 174 is divided by 41.
10
What is the remainder when 291 is divided by 26?
5
What is the remainder when 648 is divided by 133?
116
Calculate the remainder when 35731 is divided by 17.
14
Calculate the remainder when 192 is divided by 18.
12
What is the remainder when 26 is divided by 20?
6
Calculate the remainder when 588 is divided by 291.
6
Calculate the remainder when 1316 is divided by 20.
16
Calculate the remainder when 84 is divided by 34.
16
What is the remainder when 76 is divided by 16?
12
What is the remainder when 1103 is divided by 365?
8
Calculate the remainder when 884 is divided by 322.
240
What is the remainder when 250 is divided by 69?
43
What is the remainder when 1772 is divided by 22?
12
Calculate the remainder when 5 is divided by 4.
1
What is the remainder when 234 is divided by 57?
6
What is the remainder when 163 is divided by 46?
25
Calculate the remainder when 198 is divided by 52.
42
What is the remainder when 1781 is divided by 15?
11
What is the remainder when 758 is divided by 129?
113
Calculate the remainder when 200 is divided by 27.
11
Calculate the remainder when 6044 is divided by 144.
140
Calculate the remainder when 75 is divided by 13.
10
What is the remainder when 979 is divided by 7?
6
Calculate the remainder when 3702 is divided by 95.
92
What is the remainder when 1919 is divided by 58?
5
Calculate the remainder when 73 is divided by 57.
16
Calculate the remainder when 1801 is divided by 183.
154
Calculate the remainder when 210 is divided by 131.
79
What is the remainder when 330 is divided by 26?
18
What is the remainder when 927 is divided by 15?
12
What is the remainder when 4715 is divided by 143?
139
Calculate the remainder when 124 is divided by 107.
17
Calculate the remainder when 1468 is divided by 98.
96
What is the remainder when 1132 is divided by 76?
68
What is the remainder when 108 is divided by 14?
10
What is the remainder when 284 is divided by 57?
56
What is the remainder when 113 is divided by 4?
1
What is the remainder when 572 is divided by 23?
20
Calculate the remainder when 812 is divided by 99.
20
Calculate the remainder when 774 is divided by 56.
46
Calculate the remainder when 1513 is divided by 9.
1
Calculate the remainder when 276 is divided by 34.
4
Calculate the remainder when 191 is divided by 13.
9
What is the remainder when 167 is divided by 87?
80
What is the remainder when 1844 is divided by 28?
24
What is the remainder when 20089 is divided by 205?
204
Calculate the remainder when 1023 is divided by 149.
129
What is the remainder when 105 is divided by 56?
49
Calculate the remainder when 66 is divided by 40.
26
What is the remainder when 481 is divided by 126?
103
Calculate the remainder when 141 is divided by 32.
13
What is the remainder when 75 is divided by 32?
11
Calculate the remainder when 32969 is divided by 70.
69
Calculate the remainder when 81 is divided by 42.
39
What is the remainder when 50 is divided by 13?
11
What is the remainder when 4199 is divided by 105?
104
Calculate the remainder when 1197 is divided by 15.
12
Calculate the remainder when 1038 is divided by 13.
11
What is the remainder when 11126 is divided by 31?
28
Calculate the remainder when 284 is divided by 36.
32
What is the remainder when 66 is divided by 5?
1
What is the remainder when 86 is divided by 12?
2
What is the remainder when 6707 is divided by 181?
10
What is the remainder when 846 is divided by 132?
54
Calculate the remainder when 90 is divided by 29.
3
What is the remainder when 318 is divided by 47?
36
Calculate the remainder when 341 is divided by 86.
83
What is the remainder when 11953 is divided by 98?
95
Calculate the remainder when 370 is divided by 75.
70
Calculate the remainder when 113 is divided by 53.
7
Calculate the remainder when 3568 is divided by 17.
15
Calculate the remainder when 4163 is divided by 11.
5
Calculate the remainder when 1083 is divided by 6.
3
Calculate the remainder when 973 is divided by 61.
58
What is the remainder when 69863 is divided by 328?
327
What is the remainder when 805 is divided by 14?
7
Calculate the remainder when 150 is divided by 49.
3
What is the remainder when 1378 is divided by 20?
18
What is the remainder when 693 is divided by 688?
5
What is the remainder when 1263 is divided by 321?
300
Calculate the remainder when 97 is divided by 89.
8
What is the remainder when 634 is divided by 205?
19
Calculate the remainder when 33 is divided by 24.
9
What is the remainder when 66 is divided by 7?
3
Calculate the remainder when 252 is divided by 12.
0
What is the remainder when 948 is divided by 55?
13
Calculate the remainder when 8083 is divided by 86.
85
What is the remainder when 1502 is divided by 5?
2
Calculate the remainder when 473 is divided by 34.
31
Calculate the remainder when 247 is divided by 4.
3
What is the remainder when 1978 is divided by 32?
26
What is the remainder when 217 is divided by 60?
37
What is the remainder when 1063 is divided by 86?
31
What is the remainder when 2070 is divided by 83?
78
Calculate the remainder when 34 is divided by 13.
8
Calculate the remainder when 43 is divided by 31.
12
Calculate the remainder when 1605 is divided by 230.
225
What is the remainder when 205 is divided by 47?
17
What is the remainder when 87 is divided by 35?
17
Calculate the remainder when 403 is divided by 11.
7
What is the remainder when 426 is divided by 50?
26
Calculate the remainder when 1017 is divided by 15.
12
What is the remainder when 1397 is divided by 14?
11
What is the remainder when 224 is divided by 24?
8
What is the remainder when 8175 is divided by 58?
55
Calculate the remainder when 535 is divided by 145.
100
What is the remainder when 461 is divided by 8?
5
What is the remainder when 1040 is divided by 87?
83
What is the remainder when 111 is divided by 7?
6
What is the remainder when 15988 is divided by 41?
39
Calculate the remainder when 28 is divided by 13.
2
Calculate the remainder when 541 is divided by 263.
15
What is the remainder when 30 is divided by 22?
8
Calculate the remainder when 2951 is divided by 123.
122
Calculate the remainder when 1051 is divided by 346.
13
What is the remainder when 66 is divided by 13?
1
Calculate the remainder when 6010 is divided by 167.
165
What is the remainder when 292 is divided by 111?
70
What is the remainder when 6211 is divided by 414?
1
Calculate the remainder when 4229 is divided by 47.
46
Calculate the remainder when 1776 is divided by 281.
90
Calculate the remainder when 2251 is divided by 98.
95
Calculate the remainder when 11 is divided by 4.
3
What is the remainder when 155 is divided by 13?
12
What is the remainder when 1438 is divided by 5?
3
Calculate the remainder when 1215 is divided by 53.
49
What is the remainder when 551 is divided by 37?
33
What is the remainder when 103 is divided by 79?
24
Calculate the remainder when 30 is divided by 20.
10
Calculate the remainder when 149 is divided by 38.
35
Calculate the remainder when 1152 is divided by 33.
30
What is the remainder when 1434 is divided by 7?
6
What is the remainder when 1164 is divided by 582?
0
Calculate the remainder when 50 is divided by 29.
21
What is the remainder when 1108 is divided by 30?
28
What is the remainder when 36 is divided by 5?
1
What is the remainder when 248 is divided by 76?
20
What is the remainder when 110 is divided by 26?
6
What is the remainder when 1456 is divided by 212?
184
What is the remainder when 422 is divided by 53?
51
Calculate the remainder when 392 is divided by 45.
32
What is the remainder when 152 is divided by 5?
2
Calculate the remainder when 1109 is divided by 36.
29
What is the remainder when 97 is divided by 42?
13
What is the remainder when 2155 is divided by 10?
5
What is the remainder when 199 is divided by 